{"id":2,"date":"2024-12-19T14:48:34","date_gmt":"2024-12-19T13:48:34","guid":{"rendered":"http:\/\/academietaekwondoattitude.com\/?page_id=2"},"modified":"2025-01-22T07:30:11","modified_gmt":"2025-01-22T06:30:11","slug":"a-propos","status":"publish","type":"page","link":"https:\/\/academietaekwondoattitude.com\/?page_id=2","title":{"rendered":"A propos"},"content":{"rendered":"\n<p>Acad\u00e9mie Taekwondo Attitude est n\u00e9e de la rencontre de diff\u00e9rents professeurs de Taekwondo dont ceux de l&#8217;Acad\u00e9mie des arts Martiaux de Toulouse, club historique d&#8217;Yvan Frezouls. Ensemble, ils ont \u00e0 c\u0153ur de d\u00e9fendre un enseignement du Taekwondo de qualit\u00e9, ouvert et diversifi\u00e9 pour tous.<\/p>\n\n\n\n<p>Venez d\u00e9couvrir ou red\u00e9couvrir le Taekwondo avec nous !<\/p>\n\n\n\n<figure class=\"wp-block-image size-large\"><img loading=\"lazy\" decoding=\"async\" width=\"724\" height=\"1024\" src=\"https:\/\/academietaekwondoattitude.com\/wp-content\/uploads\/2025\/01\/1-724x1024.png\" alt=\"\" class=\"wp-image-106\" srcset=\"https:\/\/academietaekwondoattitude.com\/wp-content\/uploads\/2025\/01\/1-724x1024.png 724w, https:\/\/academietaekwondoattitude.com\/wp-content\/uploads\/2025\/01\/1-212x300.png 212w, https:\/\/academietaekwondoattitude.com\/wp-content\/uploads\/2025\/01\/1-768x1086.png 768w, https:\/\/academietaekwondoattitude.com\/wp-content\/uploads\/2025\/01\/1-1086x1536.png 1086w, https:\/\/academietaekwondoattitude.com\/wp-content\/uploads\/2025\/01\/1.png 1414w\" sizes=\"auto, (max-width: 724px) 100vw, 724px\" \/><\/figure>\n\n\n\n<p><\/p>\n","protected":false},"excerpt":{"rendered":"<p>Acad\u00e9mie Taekwondo Attitude est n\u00e9e de la rencontre de diff\u00e9rents professeurs de Taekwondo dont ceux de l&#8217;Acad\u00e9mie des arts Martiaux de Toulouse, club historique d&#8217;Yvan Frezouls. Ensemble, ils ont \u00e0 c\u0153ur de d\u00e9fendre un enseignement du Taekwondo de qualit\u00e9, ouvert et diversifi\u00e9 pour tous. Venez d\u00e9couvrir ou red\u00e9couvrir le Taekwondo avec nous !<\/p>\n","protected":false},"author":1,"featured_media":0,"parent":0,"menu_order":0,"comment_status":"closed","ping_status":"open","template":"","meta":{"footnotes":""},"class_list":["post-2","page","type-page","status-publish","hentry"],"_links":{"self":[{"href":"https:\/\/academietaekwondoattitude.com\/index.php?rest_route=\/wp\/v2\/pages\/2","targetHints":{"allow":["GET"]}}],"collection":[{"href":"https:\/\/academietaekwondoattitude.com\/index.php?rest_route=\/wp\/v2\/pages"}],"about":[{"href":"https:\/\/academietaekwondoattitude.com\/index.php?rest_route=\/wp\/v2\/types\/page"}],"author":[{"embeddable":true,"href":"https:\/\/academietaekwondoattitude.com\/index.php?rest_route=\/wp\/v2\/users\/1"}],"replies":[{"embeddable":true,"href":"https:\/\/academietaekwondoattitude.com\/index.php?rest_route=%2Fwp%2Fv2%2Fcomments&post=2"}],"version-history":[{"count":7,"href":"https:\/\/academietaekwondoattitude.com\/index.php?rest_route=\/wp\/v2\/pages\/2\/revisions"}],"predecessor-version":[{"id":138,"href":"https:\/\/academietaekwondoattitude.com\/index.php?rest_route=\/wp\/v2\/pages\/2\/revisions\/138"}],"wp:attachment":[{"href":"https:\/\/academietaekwondoattitude.com\/index.php?rest_route=%2Fwp%2Fv2%2Fmedia&parent=2"}],"curies":[{"name":"wp","href":"https:\/\/api.w.org\/{rel}","templated":true}]}}